 tens digit of 816935?
3
What is the ten thousands digit of 4967127?
6
What is the tens digit of 7255628?
2
What is the millions digit of 4645416?
4
What is the hundreds digit of 412418?
4
What is the hundreds digit of 53085?
0
What is the tens digit of 1837816?
1
What is the hundred thousands digit of 221869?
2
What is the hundreds digit of 11695024?
0
What is the thousands digit of 1746294?
6
What is the hundred thousands digit of 185898?
1
What is the hundreds digit of 130286?
2
What is the ten thousands digit of 660138?
6
What is the tens digit of 5225813?
1
What is the hundred thousands digit of 207518?
2
What is the thousands digit of 3012097?
2
What is the tens digit of 596202?
0
What is the ten thousands digit of 49705?
4
What is the hundreds digit of 15022976?
9
What is the units digit of 2067088?
8
What is the hundreds digit of 5231562?
5
What is the tens digit of 8318343?
4
What is the millions digit of 2807765?
2
What is the units digit of 667324?
4
What is the thousands digit of 58553?
8
What is the units digit of 211548?
8
What is the hundreds digit of 150015?
0
What is the millions digit of 1495436?
1
What is the hundred thousands digit of 505153?
5
What is the thousands digit of 26985926?
5
What is the hundred thousands digit of 2413204?
4
What is the millions digit of 1768554?
1
What is the units digit of 805128?
8
What is the tens digit of 678937?
3
What is the millions digit of 16263877?
6
What is the thousands digit of 72473?
2
What is the hundred thousands digit of 6121414?
1
What is the thousands digit of 480071?
0
What is the hundred thousands digit of 9854376?
8
What is the hundreds digit of 2862154?
1
What is the ten thousands digit of 496739?
9
What is the hundred thousands digit of 1812833?
8
What is the thousands digit of 595398?
5
What is the thousands digit of 25796198?
6
What is the tens digit of 16099864?
6
What is the thousands digit of 717098?
7
What is the units digit of 15482601?
1
What is the ten thousands digit of 3405810?
0
What is the hundred thousands digit of 6672240?
6
What is the ten thousands digit of 190268?
9
What is the tens digit of 8119916?
1
What is the hundreds digit of 5146545?
5
What is the hundreds digit of 12850995?
9
What is the millions digit of 1231638?
1
What is the ten thousands digit of 289576?
8
What is the hundreds digit of 86928?
9
What is the tens digit of 8988978?
7
What is the millions digit of 2376422?
2
What is the hundred thousands digit of 316357?
3
What is the hundred thousands digit of 9496029?
4
What is the ten thousands digit of 3672147?
7
What is the units digit of 5137622?
2
What is the hundred thousands digit of 561146?
5
What is the millions digit of 1144428?
1
What is the ten thousands digit of 3069272?
6
What is the tens digit of 103802?
0
What is the tens digit of 99676?
7
What is the millions digit of 6221639?
6
What is the units digit of 38106196?
6
What is the tens digit of 578362?
6
What is the tens digit of 114890?
9
What is the thousands digit of 1759647?
9
What is the hundreds digit of 1178276?
2
What is the thousands digit of 126563?
6
What is the ten thousands digit of 177827?
7
What is the hundred thousands digit of 11773752?
7
What is the thousands digit of 23759088?
9
What is the hundreds digit of 2030377?
3
What is the hundreds digit of 685239?
2
What is the units digit of 13278?
8
What is the hundred thousands digit of 1081914?
0
What is the hundred thousands digit of 1288293?
2
What is the thousands digit of 213119?
3
What is the hundreds digit of 2224469?
4
What is the thousands digit of 1340560?
0
What is the ten thousands digit of 982159?
8
What is the units digit of 388714?
4
What is the hundreds digit of 479925?
9
What is the thousands digit of 10142740?
2
What is the units digit of 41889?
9
What is the hundred thousands digit of 1126362?
1
What is the units digit of 384537?
7
What is the hundreds digit of 1402832?
8
What is the units digit of 18102280?
0
What is the units digit of 418050?
0
What is the ten thousands digit of 135302?
3
What is the millions digit of 1284793?
1
What is the units digit of 3515644?
4
What is the ten thousands digit of 122122?
2
What is the ten thousands digit of 3526905?
2
What is the hundreds digit of 13802274?
2
What is the units digit of 7386458?
8
What is the ten thousands digit of 2688335?
8
What is the hundred thousands digit of 4747202?
7
What is the hundreds digit of 1793788?
7
What is the hundred thousands digit of 263138?
2
What is the millions digit of 1126347?
1
What is the units digit of 5754513?
3
What is the hundreds digit of 154737?
7
What is the tens digit of 6860906?
0
What is the millions digit of 4841162?
4
What is the ten millions digit of 10124410?
1
What is the tens digit of 879198?
9
What is the hundreds digit of 3382593?
5
What is the tens digit of 1183715?
1
What is the hundreds digit of 3319435?
4
What is the hundreds digit of 14731?
7
What is the tens digit of 174007?
0
What is the hundreds digit of 163172?
1
What is the hundred thousands digit of 181843?
1
What is the hundreds digit of 474?
4
What is the units digit of 218436?
6
What is the ten thousands digit of 141910?
4
What is the hundreds digit of 210097?
0
What is the thousands digit of 273788?
3
What is the hundred thousands digit of 12622851?
6
What is the thousands digit of 11318672?
8
What is the ten thousands digit of 1393865?
9
What is the ten thousands digit of 266122?
6
What is the hundred thousands digit of 7215069?
2
What is the hundred thousands digit of 236189?
2
What is the tens digit of 389628?
2
What is the millions digit of 3108886?
3
What is the tens digit of 27408339?
3
What is the tens digit of 6506759?
5
What is the units digit of 2363380?
0
What is the hundreds digit of 2138872?
8
What is the units digit of 157035?
5
What is the thousands digit of 2478248?
8
What is the tens digit of 2831384?
8
What is the hundred thousands digit of 5707160?
7
What is the tens digit of 3942?
4
What is the hundred thousands digit of 206236?
2
What is the ten thousands digit of 3633875?
3
What is the tens digit of 818813?
1
What is the hundreds digit of 5872954?
9
What is the hundred thousands digit of 3292541?
2
What is the tens digit of 15081972?
7
What is the thousands digit of 141426?
1
What is the ten thousands digit of 195929?
9
What is the thousands digit of 3520687?
0
What is the hundred thousands digit of 290372?
2
What is the hundreds digit of 1057108?
1
What is the hundreds digit of 10698346?
3
What is the ten thousands digit of 332177?
3
What is the units digit of 4835850?
0
What is the hundreds digit of 3409196?
1
What is the thousands digit of 771009?
1
What is the tens digit of 343944?
4
What is the hundreds digit of 175655?
6
What is the millions digit of 6735237?
6
What is the hundreds digit of 3607362?
3
What is the millions digit of 1003264?
1
What is the thousands digit of 734913?
4
What is the hundred thousands digit of 637696?
6
What is the hundreds digit of 128098?
0
What is the hundreds digit of 20555225?
2
What is the hundred thousands digit of 683804?
6
What is the hundred thousands digit of 14907365?
9
What is the hundreds digit of 4486191?
1
What is the ten millions digit of 27078910?
2
What is the ten thousands digit of 3442939?
4
What is the units digit of 16322996?
6
What is the hundreds digit of 161717?
7
What is the hundreds digit of 2581297?
2
What is the ten millions digit of 31864656?
3
What is the tens digit of 301414?
1
What is the thousands digit of 255535?
5
What is the tens digit of 2440388?
8
What is the millions digit of 2636462?
2
What is the hundreds digit of 29671945?
9
What is the ten thousands digit of 220100?
2
What is the units digit of 1400424?
4
What is the tens digit of 289095?
9
What is the units digit of 287387?
7
What is the ten thousands digit of 72751?
7
What is the millions digit of 4466995?
4
What is the hundreds digit of 2161143?
1
What is the hundred thousands digit of 939432?
9
What is the hundreds digit of 8458996?
9
What is the ten thousands digit of 6345022?
4
What is the hundreds digit of 13110?
1
What is the units digit of 2372792?
2
What is the ten thousands digit of 337036?
3
What is the thousands digit of 406980?
6
What is the hundreds digit of 1359097